1?
4
In base 5, what is 10 + 4332?
4342
In base 13, what is 16 + -10?
6
In base 2, what is 11011100 + 1?
11011101
In base 14, what is -270 + 4?
-26a
In base 8, what is -11 + 22?
11
In base 14, what is c - 2a?
-1c
In base 4, what is -211 + 102?
-103
In base 9, what is 10 + 7?
17
In base 14, what is -2 + 7?
5
In base 13, what is 271 + 1a?
28b
In base 4, what is -1330 - -30?
-1300
In base 16, what is 3 + -34?
-31
In base 10, what is -1 + 203?
202
In base 5, what is -1113 + -20?
-1133
In base 16, what is -3 - 251?
-254
In base 16, what is -e5 + -2?
-e7
In base 14, what is -203 + -9?
-20c
In base 3, what is -10 + 20002201?
20002121
In base 12, what is 13 + -1a9?
-196
In base 2, what is -11111 - -1001?
-10110
In base 9, what is 0 - -3?
3
In base 9, what is 2 + -660?
-657
In base 15, what is 9b - 0?
9b
In base 15, what is -2687 + 2?
-2685
In base 12, what is -33 - -42?
b
In base 14, what is a - -33?
3d
In base 15, what is -e - -2d?
1e
In base 3, what is -101122 - -22?
-101100
In base 5, what is -101311 - -3?
-101303
In base 14, what is 16 - d3?
-bb
In base 9, what is 34474 - -3?
34477
In base 11, what is 80 - -38?
108
In base 13, what is 0 + 2c?
2c
In base 8, what is -65 + 5?
-60
In base 13, what is 1 - 147?
-146
In base 5, what is -43202 + 4?
-43143
In base 3, what is 20 + 11021112?
11021202
In base 12, what is -60 + 36a?
30a
In base 3, what is 11220 + -21110?
-2120
In base 13, what is 6 - -82?
88
In base 11, what is -26a7 + -4?
-2700
In base 5, what is 2013114 - 10?
2013104
In base 6, what is 2 - 1311?
-1305
In base 8, what is -13440 - 0?
-13440
In base 7, what is -145 + 0?
-145
In base 3, what is -2 + 1002?
1000
In base 9, what is 8 - -434?
443
In base 3, what is 211 + 2022?
10010
In base 2, what is 0 + 1111010010101?
1111010010101
In base 11, what is -1 + 23?
22
In base 12, what is 149 + 5?
152
In base 6, what is -35 + 1210?
1131
In base 16, what is 28 - -b?
33
In base 14, what is 4 - ca?
-c6
In base 13, what is 0 + 9a?
9a
In base 2, what is 101 - -101001?
101110
In base 16, what is -7 + 7c5?
7be
In base 14, what is 3 - 3d?
-3a
In base 15, what is -1bb - -4?
-1b7
In base 8, what is 2267 + -3?
2264
In base 5, what is -123012 - -10?
-123002
In base 12, what is -4 - -34?
30
In base 4, what is 3233 + 11?
3310
In base 16, what is -1406 - 3?
-1409
In base 4, what is -1 + 1121?
1120
In base 10, what is 1 - -96?
97
In base 15, what is 47aa + -5?
47a5
In base 12, what is -3243 - -4?
-323b
In base 13, what is -336 - 5?
-33b
In base 4, what is -10 + 2123?
2113
In base 3, what is -22 + 1?
-21
In base 3, what is -12012 - 11?
-12100
In base 14, what is 2aa - -8?
2b4
In base 9, what is 1 + 27?
28
In base 2, what is 11 + 101011101110?
101011110001
In base 12, what is 3a + -21?
19
In base 8, what is 2 - 667?
-665
In base 15, what is 17eb - 0?
17eb
In base 15, what is c + 18?
25
In base 9, what is -81 + -1?
-82
In base 13, what is 737 + 10?
747
In base 8, what is -1447 + 5?
-1442
In base 2, what is 100 - -100011111101?
100100000001
In base 7, what is -1240 - 3?
-1243
In base 11, what is -25 + 502?
488
In base 16, what is -2 + af?
ad
In base 5, what is -1 + -2?
-3
In base 2, what is 101111000 - 11?
101110101
In base 7, what is 5 - -236?
244
In base 8, what is -122 + -5?
-127
In base 14, what is 4 - 107?
-103
In base 11, what is -304 + 7?
-2a8
In base 11, what is 2509 + 2?
2510
In base 4, what is 303 + 3?
312
In base 12, what is -20 + -411?
-431
In base 2, what is 1111 - 0?
1111
In base 9, what is -2 - 14?
-16
In base 15, what is -15 + -c?
-22
In base 15, what is -8 - -9?
1
In base 16, what is -9 + 5?
-4
In base 11, what is 79 - -7a?
148
In base 11, what is -10a9 + -1?
-10aa
In base 9, what is -187 + 41?
-146
In base 8, what is 1140 + -4?
1134
In base 9, what is -510 - -1?
-508
In base 6, what is 20 - 115?
-55
In base 8, what is -22 + 32?
10
In base 4, what is -1111001 - 1?
-1111002
In base 10, what is 20 + 10?
30
In base 5, what is -4312 - -3?
-4304
In base 3, what is -210 + -20122?
-21102
In base 8, what is -3 - 202?
-205
In base 5, what is 10 + 124?
134
In base 5, what is 1130 - -203?
1333
In base 4, what is 13220333 - 3?
13220330
In base 2, what is -111000100 + 0?
-111000100
In base 9, what is 8 - 1581?
-1572
In base 9, what is 17 + -14?
3
In base 4, what is -20313 - -1?
-20312
In base 12, what is 22 + b?
31
In base 8, what is -6 - 2017?
-2025
In base 13, what is 4 - -2155?
2159
In base 14, what is 3 - 7?
-4
In base 16, what is 2 + 1d?
1f
In base 4, what is -3 + -232?
-301
In base 15, what is -3 - 8a?
-8d
In base 15, what is -123 - 3?
-126
In base 2, what is -11110110101 - 100?
-11110111001
In base 14, what is -4 - -2709?
2705
In base 7, what is -11050 + -3?
-11053
In base 9, what is 3367 - -4?
3372
In base 13, what is -16 + -137?
-150
In base 7, what is 51455 + 2?
51460
In base 13, what is 74 - -15?
89
In base 5, what is -43 - -4102?
4004
In base 3, what is 11 + -121?
-110
In base 5, what is 3 + 230?
233
In base 6, what is 2331 + -4?
2323
In base 2, what is -100 + -1001101001?
-1001101101
In base 3, what is 1201111 + -12?
1201022
In base 11, what is 31 - 10?
21
In base 7, what is -123 - -10?
-113
In base 3, what is 101101212 + 10?
101101222
In base 13, what is -28 + 7?
-21
In base 12, what is -1 + -63?
-64
In base 15, what is -5 - d1?
-d6
In base 2, what is -111 + 11000?
10001
In base 16, what is 21 - 13?
e
In base 3, what is 101 - -1221021?
1221122
In base 10, what is 4 - -5?
9
In base 16, what is 6 - 2?
4
In base 5, what is 10 - 1141?
-1131
In base 5, what is 1102 - -300?
1402
In base 15, what is 7 + 1?
8
In base 13, what is -327a - -5?
-3275
In base 3, what is 1102122 - -1?
1102200
In base 7, what is -44 - -144?
100
In base 7, what is -1 + 1106?
1105
In base 16, what is -5 - -178e?
1789
In base 7, what is 510 + -24?
453
In base 6, what is -20 + 12?
-4
In base 9, what is -3880 - 1?
-3881
In base 5, what is -21340 + 23?
-21312
In base 10, what is -2030 - 11?
-2041
In base 3, what is 11 - 100202?
-100121
In base 12, what is -70 + 5?
-67
In base 7, what is 5023 + -11?
5012
In base 14, what is 142 - -3?
145
In base 3, what is -12221 - 212?
-20210
In base 12, what is -a70 + 1?
-a6b
In base 5, what is 3 - 204?
-201
In base 10, what is 166 - 8?
158
In base 15, what is 199 - 3?
196
In base 11, what is -7 + 1553?
1547
In base 14, what is -7 - -8?
1
In base 15, what is 16 + 1e?
35
In base 4, what is 1202 - 0?
1202
In base 12, what is -4 + 23?
1b
In base 6, what is -3 - 21?
-24
In base 7, what is 46 - -36?
115
In base 9, what is 26 - -55?
82
In base 15, what is 35 + -3c?
-7
In base 4, what is -33 - 11?
-110
In base 7, what is -41 - 513?
-554
In base 11, what is 57 + 2a?
86
In base 10, what is 31 + -24?
7
In base 13, what is 7 - -35?
3c
In base 12, what is a + 181?
18b
In base 9, what is 42 + -5?
36
In base 7, what is -440 - -4?
-433
In base 4, what is -1 + -203?
-210
In base 3, what is 20011 - -2?
20020
In base 13, what is 116 - -2?
118
In base 3, what is -110 + 10122?
10012
In base 12, what is 11aa9 - -1?
11aaa
In base 10, what is -2 + -1552?
-1554
In base 11, what is -81a + 5?
-815
In base 3, what is 100 + -20200?
-20100
In base 16, what is 2 + 23?
25
In base 6, what is -300 + -2?
-302
In base 8, what is -2 + 4?
2
In base 10, what is -194 + -10?
-204
In base 9, what is 743 + 7?
751
In base 7, what is -62 - -14?
-45
In base 2, what is -110100 - -11?
-110001
In base 14, what is 4a + -5?
45
In base 9, what is -2425 + -4?
-2430
In base 5, what is 0 + -1241?
-1241
In base 8, what is -15 + 20?
3
In base 12, what is -2 - 9b?
-a1
In base 14, what is 3 + -1ad?
-1aa
In base 2, what is -11111100 - 10?
-11111110
In base 8, what is 572 + -4?
566
In base 7, what is -1465 - 1?
-1466
In base 11, what is a46 - 0?
a46
In base 16, what is 8 - a9?
-a1
In base 9, what is -1 + 623?
622
In base 6, what is 2243 + -3?
2240
In base 14, what is 117c - 1?
117b
In base 11, what is 2 + 1a?
21
In base 4, what is 120 + 11030?
11210
In base 4, what is -133331 + 10?
-133321
In base 5, what is -2 + -3?
-10
In base 8, what is 3 - 146?
-143
In base 7, what is 32510 - -3?
32513
In base 16, what is -a56 - 1?
-a57
In base 3, what is -200 - -210001?
202101
In base 10, what is -12 + 13?
1
In base 11, what is -32 - -37?
5
In base 14, what is -5 - 26?
-2b
In base 3, what is -1110 - 100?
-1210
In base 5, wh